is -13 - 70?
-83
In base 11, what is -12 + 20?
9
In base 8, what is 17524 - 2?
17522
In base 7, what is -60 + 13?
-44
In base 13, what is 3 - -42?
45
In base 13, what is -14 + 26?
12
In base 4, what is -2 - -103?
101
In base 13, what is -35 - 7?
-3c
In base 9, what is -347 + -7?
-355
In base 6, what is 32 + -1235?
-1203
In base 5, what is 4 - -2101?
2110
In base 7, what is 4 - 1133?
-1126
In base 3, what is -201201 - -11?
-201120
In base 14, what is 6 - -14?
1a
In base 15, what is -3 + 1c4?
1c1
In base 6, what is -15 + -21?
-40
In base 4, what is 1033 + 1?
1100
In base 8, what is -222 - 5?
-227
In base 13, what is 90 + 9?
99
In base 11, what is 0 - 253?
-253
In base 4, what is 2313 + 23?
3002
In base 10, what is -2 - 10?
-12
In base 11, what is -2 - -37?
35
In base 8, what is -116 - -52?
-44
In base 4, what is -213 - 2?
-221
In base 14, what is 2 + a?
c
In base 14, what is 1 + 81?
82
In base 3, what is -2 + -1121?
-1200
In base 2, what is 110110100110 - 101?
110110100001
In base 9, what is 34 + 2?
36
In base 5, what is -2 - 4102?
-4104
In base 10, what is -290 + -3?
-293
In base 5, what is -133 + -2?
-140
In base 12, what is -64 - 14?
-78
In base 14, what is -16 - 245?
-25b
In base 9, what is -6 + 8?
2
In base 13, what is 158 + -3?
155
In base 15, what is -359 - -2?
-357
In base 5, what is 324 - 0?
324
In base 13, what is -15 - 205?
-21a
In base 3, what is -101 - 2?
-110
In base 10, what is -5 + -32?
-37
In base 7, what is 2 + 662?
664
In base 15, what is -3 - -d?
a
In base 7, what is -10 + 10?
0
In base 14, what is 3 - 45?
-42
In base 15, what is 271 - 0?
271
In base 5, what is 13132 - 3?
13124
In base 4, what is 3 + 1110001?
1110010
In base 4, what is -2102 - 10?
-2112
In base 6, what is 140 + -1?
135
In base 10, what is -68 - -5?
-63
In base 11, what is -2 + 45?
43
In base 4, what is -1310 - -3?
-1301
In base 5, what is -4 - 3402?
-3411
In base 13, what is -576 + -3?
-579
In base 7, what is -1500 - -11?
-1456
In base 10, what is 712 + -8?
704
In base 7, what is 5 - 3?
2
In base 16, what is -1 - 1b0?
-1b1
In base 12, what is 4 - 727?
-723
In base 12, what is -13732 - 0?
-13732
In base 3, what is 10 - -10112?
10122
In base 8, what is 1 - -22?
23
In base 10, what is -18 - -176?
158
In base 11, what is -79 + 4?
-75
In base 6, what is -12 + 20?
4
In base 14, what is -b72 + -2?
-b74
In base 10, what is 15 + -116?
-101
In base 13, what is 6a2 + -2?
6a0
In base 15, what is 1 + -94?
-93
In base 12, what is -46 - -34?
-12
In base 15, what is -36e6 + 2?
-36e4
In base 10, what is -5 - 275?
-280
In base 3, what is 22101 + 201?
100002
In base 2, what is 101 + 110001?
110110
In base 11, what is -9 + -9a?
-a8
In base 7, what is -3240 + 2?
-3235
In base 15, what is 2 - 0?
2
In base 12, what is 9 - 8?
1
In base 15, what is 162c + 1?
162d
In base 12, what is -5b - 14?
-73
In base 9, what is -10 + -404?
-414
In base 8, what is 3 - -10442?
10445
In base 11, what is 31 + 46?
77
In base 5, what is -122 - -20?
-102
In base 3, what is -1 - 10222122?
-10222200
In base 11, what is -268 - -5?
-263
In base 9, what is -33 - -846?
813
In base 15, what is -e1 + 0?
-e1
In base 5, what is -232 - -13?
-214
In base 13, what is 40 + 5?
45
In base 13, what is 335 + 4?
339
In base 10, what is 143 + 2?
145
In base 10, what is -13050 + 0?
-13050
In base 8, what is 33 + 644?
677
In base 8, what is -120 + 44?
-54
In base 9, what is 131 + 0?
131
In base 8, what is -3 - -3270?
3265
In base 13, what is -48c - -2?
-48a
In base 5, what is -2021 - 0?
-2021
In base 14, what is -1a + -123?
-13d
In base 13, what is -ac + 3?
-a9
In base 16, what is 2 - 1af?
-1ad
In base 10, what is 4 - -774?
778
In base 14, what is -612 + -b?
-61d
In base 10, what is -9 + 0?
-9
In base 16, what is 9ca - 1?
9c9
In base 4, what is 10 - 10021?
-10011
In base 2, what is 10011 + 101101110?
110000001
In base 10, what is -12 + 9?
-3
In base 7, what is -2 - -330?
325
In base 6, what is 5 + -425?
-420
In base 9, what is -3 - -86?
83
In base 6, what is -1 + 200?
155
In base 3, what is -1 - -111?
110
In base 10, what is 1262 - 0?
1262
In base 6, what is 0 - 4?
-4
In base 12, what is -1 - -1925?
1924
In base 14, what is b + -10?
-3
In base 10, what is -5 - -1264?
1259
In base 6, what is -3 + 235?
232
In base 13, what is 9 - 11?
-5
In base 10, what is 8042 - 2?
8040
In base 15, what is 19 + -46?
-2c
In base 8, what is -164 + -5?
-171
In base 10, what is 2 - -464?
466
In base 9, what is 5 + 131?
136
In base 15, what is -1 + -3a3?
-3a4
In base 13, what is -3 + 2496?
2493
In base 3, what is 101 - -1102?
1210
In base 4, what is -223321 - 0?
-223321
In base 3, what is -2101 - 11011?
-20112
In base 11, what is -1 - 83?
-84
In base 12, what is -5 - -39?
34
In base 9, what is 12 - -63?
75
In base 5, what is 244 + -43?
201
In base 7, what is -3 + 1061?
1055
In base 11, what is -66 + -19?
-84
In base 2, what is 101 - 1000011?
-111110
In base 13, what is 7 - 8c?
-85
In base 13, what is -512 + -37?
-549
In base 2, what is -10011 - 10110?
-101001
In base 13, what is -15cc + 5?
-15c7
In base 14, what is -1 + -948?
-949
In base 15, what is 3 + b6?
b9
In base 12, what is -2 + 200b?
2009
In base 4, what is -13 + 11230?
11211
In base 6, what is -15 - -10353?
10334
In base 7, what is 12 - 13?
-1
In base 7, what is -350 - -4?
-343
In base 5, what is -2 - 302?
-304
In base 9, what is 1237 + -4?
1233
In base 4, what is 2032 - -23?
2121
In base 13, what is 4 + -148?
-144
In base 13, what is -b3b - -4?
-b37
In base 10, what is 0 - -337?
337
In base 4, what is -2 - 10133?
-10201
In base 3, what is -1 - 112202?
-112210
In base 9, what is -318 + 4?
-314
In base 9, what is -434 + -31?
-465
In base 5, what is -10 + 142?
132
In base 13, what is 4 + 52?
56
In base 16, what is 5 - 1f?
-1a
In base 14, what is -360 - 3?
-363
In base 16, what is -28 + -12a?
-152
In base 6, what is 41 - 53?
-12
In base 7, what is 21 + -111?
-60
In base 15, what is 4 + -47b?
-477
In base 14, what is -4 + -8b?
-91
In base 7, what is -1123 + -4?
-1130
In base 3, what is 21 - -102021?
102112
In base 7, what is -33515 + -4?
-33522
In base 10, what is -4 + 133?
129
In base 15, what is -19 + 3?
-16
In base 2, what is 1000 + 110011?
111011
In base 14, what is 4 + 63?
67
In base 11, what is 131 + -3?
129
In base 10, what is -8 - -60?
52
In base 9, what is -158 + -6?
-165
In base 5, what is -121421 + 2?
-121414
In base 5, what is -203 - -1?
-202
In base 7, what is 2 - -155?
160
In base 2, what is 0 - -11111100?
11111100
In base 7, what is 4 - -56?
63
In base 12, what is -14 + -297?
-2ab
In base 3, what is 12 + -1?
11
In base 2, what is 101 + 101110?
110011
In base 15, what is -13 + -9c?
-b0
In base 9, what is -4 + 36?
32
In base 2, what is 101 + -110111010?
-110110101
In base 5, what is 113 + -2?
111
In base 15, what is 8 - -54?
5c
In base 16, what is 3 - -986?
989
In base 7, what is 1245 - 2?
1243
In base 2, what is 110 + 10100001000?
10100001110
In base 14, what is -19 - -3cb?
3b2
In base 4, what is 30 - 30?
0
In base 8, what is -156 + -3?
-161
In base 14, what is 16 - -3?
19
In base 14, what is 61 + 1?
62
In base 4, what is 32 + -20321?
-20223
In base 15, what is -53 - 1?
-54
In base 15, what is -d4 - -5?
-ce
In base 2, what is -11000 + 111010?
100010
In base 6, what is -45443 + -4?
-45451
In base 8, what is -5 + -4333?
-4340
In base 11, what is -48 - 4?
-51
In base 11, what is 4 + -124?
-120
In base 3, what is -1212 + -2?
-1221
In base 3, what is 102 + -10001?
-2122
In base 16, what is 8da + 1?
8db
In base 2, what is 101111 - 10110?
11001
In base 5, what is -20 + 221?
201
In base 15, what is -3b4e - 2?
-3b51
In base 2, what is -10 + -100011?
-100101
In base 15, what is -3 - 15?
-18
In base 15, what is 47 - -2b?
73
In base 16, what is -19c2 - -1?
-19c1
In base 2, what is -10111 - -1111?
-1000
In base 9, what is 818 + -1?
817
In base 10, what is -13 + 21?
8
In base 2, what is -1000 - -111?
-1
In base 10, what is 55 - 48?
7
In base 7, what is -46 - -3?
-43
In base 8, what is -2 - 56?
-60
In base 7, what is 2 + -22?
-20
In base 10, what is 0 - -1401?
1401
In base 15, what is -b6 + -4?
-ba
In base 6, what is -32 + -2?
-34
In base 5, what is -1 + -340?
-341
In base 11, what is -36a + 10?
-35a
In base 14, what is -21 - 5?
-26
In base 7, what is -11 + 5?
-3
In base 2, what is -110 -